 + 4*t - 2. Let y be u(2). What is the units digit of 13 + (y/2 - -1)?
7
Suppose 20 = 4*y, 2*x - 3*y - 736 - 691 = 0. What is the hundreds digit of x?
7
What is the tens digit of 494/3*(-12 - (-882)/28)?
1
Suppose 3*y + 0*y - 27 = 0. Let v(c) = -c**3 + 8*c**2 + 5*c - 12. Let t be v(y). Let k = -31 - t. What is the units digit of k?
7
Let v(h) be the first derivative of -8*h**5/5 - h**4/6 - h**3/6 - 4*h - 4. Let z(a) be the first derivative of v(a). What is the units digit of z(-1)?
1
Let u be (-79)/(-11) + 2/(-11). Suppose -u*k + 6*k = -70. What is the units digit of k?
0
What is the units digit of -4 + 6 + 558 + 6?
6
Let j be 68/3 + (-4)/6. Let z = 29 + -45. Let y = j + z. What is the units digit of y?
6
Let y = -10 - -12. Suppose -j + y*j = 0. Suppose j = 2*g - 2*x - 1 - 15, 34 = 5*g - 3*x. What is the units digit of g?
5
Suppose 12913 + 1190 = 9*z. What is the tens digit of z?
6
Let a(p) = -2*p**2 + 12*p + 2. Let u be a(6). Let r = 6 - u. Suppose r*j - 118 = 2*j. What is the tens digit of j?
5
Let o(p) = -2*p**2 + 65*p - 59. What is the tens digit of o(29)?
4
Let j be (-6)/4 + 153/2. Suppose j = -5*a - 0*a. What is the tens digit of 132/a*(-20)/8?
2
Let c = 72 + -47. Let k = c - -31. What is the units digit of k?
6
Let s be (-4)/(-14) + (-135)/7. Let c = 40 - s. What is the tens digit of c?
5
What is the units digit of (3 - 133/35)*(-6425)/2?
0
Let u(q) = -3*q - 15. Let l be u(-6). Suppose l*m - 3*x = 36, -4*m - 3*x + 0 = -69. Suppose -3*j + m + 87 = 0. What is the units digit of j?
4
Let h = 146 + -69. Let l = -34 + h. What is the tens digit of l?
4
Suppose 17 + 31 = 5*k - 4*c, -5*c = -2*k + 9. Let j be 0/(k/3) + 3. Suppose -4*u - 3*z + 91 = 0, -j*z - 35 = -5*u + 45. What is the tens digit of u?
1
Let x(l) = -2*l**3 + 4*l**2 - 2*l - 1. Let n be x(3). Let b be (-58)/(-1) + (-36)/12. Let m = b + n. What is the units digit of m?
0
Let c(k) be the third derivative of 0*k**3 + 5*k**2 - 7/24*k**4 + 0 - 1/60*k**5 + 0*k. What is the units digit of c(-5)?
0
Let b be (-4 - 0)/2 - -6. Suppose -5*l + 4*r + 899 = 0, 5*r - 127 = b*l - 848. What is the units digit of l?
9
Let q(s) = 2*s**2 + 4*s + 3. Let g be q(-4). Let x = g + -12. What is the tens digit of x/(-14) + (-57)/(-2)?
2
Suppose -4*j + 4*f = -32, -j + 0*f + 5*f = -20. Suppose 3*q - 98 = 4*t, q + j*t = -3*q + 79. Let o = 25 + q. What is the units digit of o?
1
Suppose 3*i = -4*y + 45, -7*i + 2*y + 75 = -2*i. Suppose -u + 239 = 4*a, 2*a = 3*u + 122 + i. What is the tens digit of a?
6
Let n = 42 - -33. Let o be (-1)/(-2)*(-8)/(-2). Suppose 3*c - n = -o*r, 2*r - 10 = -c + 19. What is the tens digit of c?
2
Let w = 38 - -1. Suppose -4*y - 3 = -w. Suppose -8*s = -y*s + 5. What is the units digit of s?
5
Let y(a) be the first derivative of -a**3/3 + 15*a**2 + 7*a + 29. What is the units digit of y(10)?
7
Let k(o) = -o**2 - 6*o**2 + 7*o**2 + 26 - o + 2*o**2. What is the units digit of k(6)?
2
Suppose -4*a = -g + 815, -1970 = -2*g + 4*a - 332. What is the hundreds digit of g?
8
Let n = 5 - -473. What is the tens digit of n?
7
Let z = -86 + 171. Let y(d) = d**3 + 3*d**2 - 7*d - 5. Let b be y(-4). Suppose -b*j = -2*j - z. What is the tens digit of j?
1
Let l = 6611 - 3844. What is the thousands digit of l?
2
Let m(j) = j**2 - 4*j + 3. Let p be m(3). Let z be 1 - (-1 + p) - -46. Suppose 0*x - z = -4*x. What is the tens digit of x?
1
Suppose 0*f - 2*f = -34. Let l = 18 - f. What is the units digit of 24 + (-2)/(-2) + l?
6
Suppose -4*z + 224 = -4*l, -2*z - 56 = 4*l + 174. Let m = l + 61. What is the units digit of m?
4
Suppose 0 = -69*f - 10*f + 147493. What is the thousands digit of f?
1
Let y(s) = s**2 - 2*s - 13. Let d be y(-6). Suppose -h + d = 5*z - 343, 2*z = -h + 150. What is the tens digit of z?
7
Suppose 0*o - 252 = -4*n + 3*o, 0 = -3*n + 3*o + 186. Let j(t) = t**2 + 9*t + 2. Let q be j(-9). Suppose k - n = -q*k. What is the units digit of k?
2
Suppose -4*w - 60 = -8*w. Let o be (7/21)/(1/(-27)). Let n = w + o. What is the units digit of n?
6
Suppose -80*f + 108*f - 24304 = 0. What is the tens digit of f?
6
Let n = 4732 + -2478. What is the hundreds digit of n?
2
Let c(v) = -10*v. Let k be c(2). What is the units digit of 2/(-4) - 890/k?
4
Suppose g - 3*k + 40 = -45, k - 495 = 5*g. Let b = -134 - -75. Let v = b - g. What is the tens digit of v?
4
Let i = -14 - -19. Suppose 4*f - 4*c - 35 - 9 = 0, -i*f = 2*c - 83. What is the units digit of 4/10 - (-99)/f?
7
Suppose 3*a + 21 = -r - 4*r, 1 = r - 2*a. Let f be -2*((-3)/(-2) + r). Suppose -7 = -f*c + 17. What is the units digit of c?
8
Suppose 3743 = 18*r + 143. What is the hundreds digit of r?
2
What is the tens digit of (1395/(-10))/(14/(-420))?
8
Suppose -4*r = -r - 3. Suppose -3*w = 3*w - 24. What is the tens digit of 17 + w - (r + 1)?
1
Suppose -15*p + 19*p = m + 223, 4*p = -5*m + 229. What is the tens digit of p?
5
Let c(v) = v - 4. Let p be c(6). Suppose f = p*i + 18, -3*i = -4*f - 28 + 110. What is the units digit of f?
2
Suppose -1 = 2*s - 7. Suppose -3*x - s*b = -465, 3*b = -5*x + 475 + 296. What is the hundreds digit of x?
1
Let d = -16 - -20. Suppose -d*i = -5*i. Suppose 4*z - 29 - 55 = i. What is the units digit of z?
1
Suppose -305 = -7*r - 53. Let w = r + 17. What is the units digit of w?
3
Suppose -l - 23 + 16 = 0. What is the tens digit of (l + -35 + 3)/(1*-1)?
3
Let t = 152 - 84. What is the units digit of t/18 - (1 - (-22)/(-18))?
4
Suppose 6*x = -4*x + 6840. What is the hundreds digit of x?
6
Let n be (-2)/(-8) + 1803/(-12). Let p = 295 - 394. Let x = p - n. What is the tens digit of x?
5
Suppose -9*h + 3527 - 107 = 0. What is the units digit of h?
0
Suppose -3*p = -5*r - 6, 0*p + 4*p - 3*r + 3 = 0. What is the units digit of (-40)/p - (-5)/(-15)?
3
Let o = -2 - -10. Suppose o*v - 4*v = 4, -299 = -5*l + v. Suppose -18 = 2*w - l. What is the tens digit of w?
2
Let n(y) = 2*y**3 + 3*y**2 - 3*y + 4. Let r be n(-3). Let s = r + 105. What is the units digit of s?
1
Let j = 57 + -69. Let g(p) = p**3 + 12*p**2 - 4*p - 4. What is the units digit of g(j)?
4
Suppose 3*w + 22 = 13. What is the units digit of (-1)/(546/183 + w)?
1
Let k(c) = 33*c - 50. What is the tens digit of k(20)?
1
Let q = 21 - 7. Suppose 0 = q*o - 11*o - 78. What is the units digit of o?
6
Suppose -4*z + 2*o = -898, -3*z = -7*z + 4*o + 888. What is the units digit of z?
7
Let d = 29 - 20. What is the units digit of (-20 - -2)/(d/(-6))?
2
Let o = 791 + -246. What is the units digit of o?
5
Let i = -515 - -536. What is the tens digit of i?
2
Suppose -6*w + w + 5*c + 25 = 0, -5*w + 35 = -3*c. What is the hundreds digit of (506/w - -1)/((-30)/(-150))?
2
Suppose 0 = -3*j - 3*p + 4593, 5*p = 40*j - 36*j - 6088. What is the units digit of j?
7
Let l be (-23)/161 + 72/14. Suppose -294 = -l*g - 2*g. What is the tens digit of g?
4
What is the hundreds digit of 64896/152 - 2/(-38)?
4
Let w be ((-24)/10)/((-10)/400). Suppose -w = -9*s + 264. What is the tens digit of s?
4
Let p(w) = -311*w + 229. What is the tens digit of p(-4)?
7
Let x be (0 - -271) + (-6)/18*3. Suppose y = 9 + x. What is the tens digit of y?
7
Suppose 4*k + 3*q = 2*q + 6703, -2*k + 3335 = -5*q. What is the thousands digit of k?
1
Suppose c + c = -2*g + 1038, 0 = -5*g + c + 2571. What is the units digit of g?
5
Let t = 0 + -10. Let x be ((-56)/t)/(6/15). Suppose 14 = 2*a - x. What is the tens digit of a?
1
What is the hundreds digit of 6 + -6 + 2 + 946?
9
Suppose -g = 70*g - 40186. What is the hundreds digit of g?
5
Suppose 7*r - 3*r - 28 = 0. Suppose 0 = 3*o + 3*b + 3, 3*o + b = -0*b + r. Suppose 0 = 3*p - 3*f - f - 115, -2*p - o*f + 50 = 0. What is the tens digit of p?
3
Let q = -167 + 245. What is the tens digit of (q/9)/(2*(-2)/(-42))?
9
Let p = -7 + 11. Suppose -p*t - 103 = -4*l + 109, -209 = -4*l + 3*t. Let q = -26 + l. What is the tens digit of q?
2
What is the hundreds digit of (3220/(-21))/((-6)/9)?
2
Suppose 0 = 5*h - 0*h - 30. Let j = 30 + h. What is the tens digit of j?
3
What is the tens digit of (-3758298)/(-1340) + (-6)/(-20)?
0
What is the units digit of (2412/(-240)*5)/(2/(-88))?
1
Suppose -61752 = -27*h + 16116. What is the units digit of h?
4
Let v = 2773 - 704. What is the thousands digit of v?
2
Let n(l) = l**2 - 3*l + 11. Let i(t) = -2*t + 9. Let h be i(9). Let d = h - -16. What is the ten